f 6869295.
3, 5, 23, 6637
What are the prime factors of 57149?
57149
List the prime factors of 453517.
127, 3571
What are the prime factors of 4265072?
2, 7, 113, 337
What are the prime factors of 6915180?
2, 3, 5, 23, 5011
List the prime factors of 475152.
2, 3, 19, 521
What are the prime factors of 526688?
2, 109, 151
What are the prime factors of 1266969?
3, 11, 38393
What are the prime factors of 2185142?
2, 61, 17911
List the prime factors of 542853.
3, 60317
What are the prime factors of 2421551?
11, 220141
What are the prime factors of 1256192?
2, 7, 701
What are the prime factors of 1058093?
1058093
List the prime factors of 239727.
3, 41, 1949
List the prime factors of 3304712.
2, 413089
What are the prime factors of 38156959?
17, 19, 6949
What are the prime factors of 1519509?
3, 691, 733
What are the prime factors of 4394814?
2, 3, 19, 2029
What are the prime factors of 4381200?
2, 3, 5, 1217
What are the prime factors of 153407?
153407
List the prime factors of 1003632.
2, 3, 7, 29, 103
What are the prime factors of 30148?
2, 7537
List the prime factors of 601917.
3, 200639
List the prime factors of 5550203.
5550203
List the prime factors of 5025427.
11, 79, 5783
What are the prime factors of 18518690?
2, 5, 1851869
What are the prime factors of 1526763?
3, 7, 23, 29, 109
List the prime factors of 25956089.
25956089
What are the prime factors of 350526?
2, 3, 11, 47, 113
What are the prime factors of 1429227?
3, 158803
List the prime factors of 1475859.
3, 7, 11, 6389
List the prime factors of 1350529.
167, 8087
List the prime factors of 856475.
5, 34259
What are the prime factors of 3085421?
3085421
What are the prime factors of 1704540?
2, 3, 5, 28409
What are the prime factors of 2253481?
2253481
List the prime factors of 2040620.
2, 5, 102031
List the prime factors of 1398861.
3, 47, 3307
What are the prime factors of 261524?
2, 65381
What are the prime factors of 40672?
2, 31, 41
List the prime factors of 2570371.
2570371
List the prime factors of 374371.
23, 41, 397
What are the prime factors of 144561?
3, 48187
List the prime factors of 4064403.
3, 7, 43, 643
What are the prime factors of 134276?
2, 33569
What are the prime factors of 4307752?
2, 463, 1163
List the prime factors of 6674962.
2, 7, 476783
List the prime factors of 7558635.
3, 5, 7, 71987
List the prime factors of 11310465.
3, 5, 41, 53, 347
List the prime factors of 35941.
127, 283
List the prime factors of 852084.
2, 3, 23669
List the prime factors of 2031400.
2, 5, 7, 1451
What are the prime factors of 1036632?
2, 3, 47, 919
What are the prime factors of 5138916?
2, 3, 29, 14767
List the prime factors of 2225406.
2, 3, 421, 881
List the prime factors of 251748.
2, 3, 7, 37
List the prime factors of 688888.
2, 86111
What are the prime factors of 76083?
3, 7, 3623
What are the prime factors of 31000757?
23, 131, 10289
List the prime factors of 123934.
2, 61967
What are the prime factors of 163191?
3, 7, 19, 409
List the prime factors of 493082.
2, 101, 2441
List the prime factors of 399975.
3, 5, 5333
What are the prime factors of 605354?
2, 43, 7039
What are the prime factors of 511423?
11, 19, 2447
What are the prime factors of 221349?
3, 73783
What are the prime factors of 1890437?
157, 12041
List the prime factors of 1749291.
3, 59, 9883
List the prime factors of 196897.
19, 43, 241
What are the prime factors of 949505?
5, 189901
What are the prime factors of 3035329?
11, 275939
List the prime factors of 512964.
2, 3, 14249
What are the prime factors of 755039?
73, 10343
What are the prime factors of 3420899?
97, 35267
What are the prime factors of 799254?
2, 3, 19, 41
List the prime factors of 709599.
3, 11, 21503
List the prime factors of 198699.
3, 107, 619
What are the prime factors of 1280116?
2, 79, 4051
List the prime factors of 71930.
2, 5, 7193
What are the prime factors of 527375?
5, 4219
What are the prime factors of 1933020?
2, 3, 5, 10739
What are the prime factors of 2752100?
2, 5, 13, 29, 73
List the prime factors of 505625.
5, 809
List the prime factors of 2889369.
3, 7, 45863
List the prime factors of 12494.
2, 6247
List the prime factors of 207848.
2, 25981
List the prime factors of 214396.
2, 7, 13, 19, 31
List the prime factors of 306550.
2, 5, 6131
List the prime factors of 89699.
19, 4721
List the prime factors of 3754537.
1867, 2011
List the prime factors of 199932.
2, 3, 16661
What are the prime factors of 867104?
2, 7, 79
What are the prime factors of 213199?
7, 19, 229
List the prime factors of 8398537.
7, 107, 11213
List the prime factors of 2862535.
5, 13, 47, 937
What are the prime factors of 153663?
3, 17, 23, 131
List the prime factors of 100956.
2, 3, 47, 179
List the prime factors of 1146688.
2, 19, 23, 41
List the prime factors of 2338943.
53, 44131
What are the prime factors of 18277414?
2, 17, 31, 17341
What are the prime factors of 558605?
5, 111721
What are the prime factors of 19355112?
2, 3, 7, 17, 251
List the prime factors of 5427013.
2207, 2459
List the prime factors of 2901343.
61, 47563
What are the prime factors of 432145?
5, 7, 12347
List the prime factors of 272355.
3, 5, 67, 271
What are the prime factors of 1451293?
43, 33751
What are the prime factors of 9319379?
107, 251, 347
What are the prime factors of 9795048?
2, 3, 408127
List the prime factors of 2024530.
2, 5, 17, 11909
List the prime factors of 7276660.
2, 5, 363833
What are the prime factors of 237656?
2, 61, 487
List the prime factors of 454218.
2, 3, 75703
What are the prime factors of 10973107?
29, 61, 6203
What are the prime factors of 35958713?
7, 47, 109297
List the prime factors of 5072141.
5072141
What are the prime factors of 316020?
2, 3, 5, 23, 229
List the prime factors of 166230.
2, 3, 5, 1847
What are the prime factors of 16765801?
13, 1289677
List the prime factors of 26016902.
2, 17, 765203
What are the prime factors of 777491?
11, 13, 5437
What are the prime factors of 306204?
2, 3, 17, 19, 79
List the prime factors of 1203642.
2, 3, 11, 6079
List the prime factors of 8950297.
977, 9161
What are the prime factors of 3419377?
13, 20233
What are the prime factors of 1242919?
643, 1933
List the prime factors of 3277932.
2, 3, 7, 39023
List the prime factors of 1677848.
2, 131, 1601
What are the prime factors of 4862078?
2, 13, 187003
List the prime factors of 678787.
211, 3217
What are the prime factors of 4139334?
2, 3, 229963
List the prime factors of 357565.
5, 13, 5501
What are the prime factors of 265362?
2, 3, 47, 941
What are the prime factors of 74843?
74843
List the prime factors of 1909229.
7, 311, 877
What are the prime factors of 22420878?
2, 3, 3736813
List the prime factors of 5218625.
5, 83, 503
What are the prime factors of 10573345?
5, 787, 2687
List the prime factors of 297506.
2, 11, 13523
What are the prime factors of 129377?
67, 1931
What are the prime factors of 214646?
2, 107323
List the prime factors of 607064.
2, 75883
List the prime factors of 9001512.
2, 3, 13, 59, 163
What are the prime factors of 644896?
2, 7, 2879
List the prime factors of 7138299.
3, 7, 37, 9187
What are the prime factors of 4976357?
563, 8839
What are the prime factors of 468271?
468271
What are the prime factors of 1208128?
2, 43, 439
List the prime factors of 631614.
2, 3, 105269
What are the prime factors of 13961282?
2, 6980641
List the prime factors of 3662286.
2, 3, 599, 1019
What are the prime factors of 47481?
3, 7, 17, 19
List the prime factors of 4058299.
7, 579757
What are the prime factors of 631299?
3, 163, 1291
What are the prime factors of 14845284?
2, 3, 17, 127, 191
What are the prime factors of 746002?
2, 359, 1039
What are the prime factors of 527162?
2, 29, 61, 149
What are the prime factors of 422475?
3, 5, 43, 131
What are the prime factors of 2278264?
2, 284783
List the prime factors of 144148.
2, 36037
What are the prime factors of 83113?
17, 4889
List the prime factors of 6867658.
2, 7, 227, 2161
What are the prime factors of 1252445?
5, 250489
What are the prime factors of 16722145?
5, 11, 304039
What are the prime factors of 12907?
12907
List the prime factors of 114249.
3, 38083
List the prime factors of 361707.
3, 120569
What are the prime factors of 166789?
7, 23827
What are the prime factors of 1218